 is b(0)?
5
Let k(d) = 5*d + d**2 + 6*d - 7*d. Calculate k(-3).
-3
Let c(r) = 3*r**2 + 5*r + 6. Let j(z) = -13*z**2 - 19*z - 24. Let o(y) = 9*c(y) + 2*j(y). Let g = -77 - -72. Calculate o(g).
-4
Let j be 1 + (1 - 3) + 0. Let a(m) = 12*m**3 + m**2 - m - 1. What is a(j)?
-11
Let u(k) = k - 2. Let h(c) = -3*c + 20. Let z(i) = -h(i) - 4*u(i). Suppose 2*d = -0*d. What is z(d)?
-12
Let l(j) = -3*j**3 - 12*j**2 - 2*j - 3. Let g(r) = -2*r**3 - 6*r**2 - r - 1. Let z(m) = -5*g(m) + 3*l(m). Give z(6).
-10
Let t(o) = 16*o - 24*o + o**3 + 14*o - 1 + 8*o**2. What is t(-7)?
6
Let i(k) = k**2 + 6*k + 5. Let q be i(-4). Let x(g) = -2*g + g**2 + 4*g + 3 + 2*g. Determine x(q).
0
Let h be (-2)/(-12) - (42/36 - -1). Let s(x) = -x**3 - x**2 - x + 1. Calculate s(h).
7
Let f(z) = 2*z - 3. Let j be f(2). Let u = -4 - j. Let t(n) = -n**3 - 4*n**2 + 5*n - 7. Determine t(u).
-7
Let d(n) = -n - n**2 + 7 - 303*n**3 + 609*n**3 - 305*n**3. What is d(0)?
7
Let f(t) = 3*t + 2. Let d be 8/(-20)*10/(-1). Suppose -6 = -g - d*j, -g - 5*j = -2*j - 4. What is f(g)?
-4
Let k(v) = -2*v + 15. Let o(z) = -z + 8. Let c(a) = -4*k(a) + 7*o(a). Let b be (-6)/4*(-1 - 1). Calculate c(b).
-1
Let s(x) = 3*x + 8. Let h(d) = 2*d + 8. Let p(n) = -4*h(n) + 3*s(n). Let b be p(4). Let l(r) = -r**3 - 5*r**2 - 2*r + 3. Give l(b).
-5
Suppose 0 = -z - 3 + 7. Suppose z*a = -0*a + 8. Suppose 0 = -a*u - b + 9, -8 = -u - b - 5. Let t(i) = -i**3 + 6*i**2 - 2*i + 9. Calculate t(u).
-3
Let t(j) = -j**3 - 6*j**2 + 6*j + 9. Let i be ((-4557)/(-91))/(-7) - (-2)/13. What is t(i)?
16
Suppose 2 = -2*n + 4. Let y be 3 + (-3)/((-6)/(-4)). Let o(r) = 0 + 2*r - y - r. Calculate o(n).
0
Let y(h) = -h**2 - 8*h + 9. Let l be y(-9). Suppose -3*z + l*m = 3*m - 21, z = -5*m + 23. Let x(p) = -p - z*p + 6*p - 4*p. Calculate x(-1).
2
Let j(s) = s**2 - s - 3. Let l(i) = -i**2 - 8*i - 7. Let n be l(-6). Let q = n - 2. Give j(q).
3
Suppose -2*y + 4 = -2*k, 3*y + 3*k = -y + 15. Let f(c) = c**3 - 3*c**2 + c + 4. What is f(y)?
7
Let o(i) be the third derivative of -i**6/120 - i**5/12 - i**4/6 + 7*i**2. Let s be o(-3). Let c(t) = -t**2 - 4*t + 7. Determine c(s).
-5
Suppose 0 = -5*o + 5*s, -o - 2*o - 5*s = -16. Let d be 2*(3/(-6) - o). Let w(u) = 2*u + 5. Determine w(d).
-5
Let x(a) be the first derivative of -2/3*a**3 - 3 + a + a**2. Give x(2).
-3
Let s(a) = -a. Let f be s(0). Let i(u) be the third derivative of -3/2*u**3 - 1/24*u**4 + 0 - 1/60*u**5 + f*u - 2*u**2. What is i(0)?
-9
Let a be 4/(-6) - (-8)/3. Let s(u) = -4*u**2 - 7*u**2 + 6*u**a - 1. Calculate s(1).
-6
Let r be (0/(-4) + 0)/(-2). Let l(u) = -u**2 + u + 3. Determine l(r).
3
Let o = 7 - 7. Let n(l) = l**2 + 5*l + 17. Let g(d) = -d**2 - 4*d - 17. Let m(v) = -5*g(v) - 4*n(v). Give m(o).
17
Suppose o + 0*g - g + 8 = 0, -o - 3*g = 0. Let b = 0 - o. Let k(a) = -a**3 + 5*a**2 + 7*a - 7. Give k(b).
-1
Let a(r) = -9*r. Let m(p) = -p**3 + 4*p**2 - p - 2. Let b be m(2). Suppose 0 = -6*w + b + 2. Give a(w).
-9
Let q(f) be the second derivative of 1/12*f**4 + 0 - f**2 + 1/3*f**3 - f. What is q(-4)?
6
Let w = 1 + -3. Let k be 0 + -3 + w*1. Let t(l) be the first derivative of -l**4/4 - 2*l**3 - 2*l**2 + 2*l + 1. Determine t(k).
-3
Let l(g) = g - 1. Let m(c) = c**3 - 4*c**2 - 6*c - 6. Let u = 6 + -7. Let a(n) = u*l(n) - m(n). Calculate a(5).
7
Suppose -5*o + 0*o + 30 = 3*f, 2*o - 5*f = -19. Let y(r) = r**3 - 2*r**2 - 3*r - 3. Give y(o).
-3
Let c(l) = -l + 1. Let p(m) = -6*m - 13. Let q(z) = -2*c(z) - p(z). Let a(b) = -12*b - 16. Let u(w) = 5*a(w) + 7*q(w). Calculate u(-4).
13
Let l(d) = d + 1. Let o(g) be the third derivative of -g**3/6 + g**2. Let z(f) = l(f) - o(f). Give z(0).
2
Let g(u) be the second derivative of -u**5/20 - 5*u**4/12 + 2*u**2 - 3*u. What is g(-3)?
-14
Let o(l) be the second derivative of l**5/20 - 5*l**4/12 + l**3/3 - l. Let k = 220 - 218. Determine o(k).
-8
Let m(q) = -7*q**3 - 12*q**2 - 5*q - 11. Let z(n) = -8*n**3 - 13*n**2 - 5*n - 12. Let u = 9 - 3. Let g(k) = u*z(k) - 7*m(k). Calculate g(-5).
5
Let i(r) = -r**2 - 1. Let x(m) = m**2 + 4*m - 3. Let u(y) = 2*i(y) - x(y). Determine u(-3).
-14
Let a(x) be the third derivative of -x**6/120 - x**5/15 - x**4/24 + 10*x**2. Give a(-4).
4
Let z(x) = -x**3 + 2*x**2 + 1. Let j be z(-2). Suppose -9 - 6 = -3*a, -4*a + j = 3*p. Let m(i) = -11*i - 1. What is m(p)?
10
Let x(k) = -8*k - k**3 + 0*k**3 + 10*k. Determine x(-2).
4
Let x = -21 - -11. Let p be (24/20)/((-3)/x). Suppose -p*d + 13 = -3. Let w(u) = -u**3 + 4*u**2 - 2. Determine w(d).
-2
Let o(z) = 11*z + 1. Let s(q) be the second derivative of -7*q**3/2 - q**2 - 3*q. Let i(u) = 5*o(u) + 3*s(u). What is i(-1)?
7
Let k(n) = -n - 1. Let l = -29 + 45. Let o be 9/12 - 92/l. Calculate k(o).
4
Suppose 45*r + 10 = 50*r. Let b(m) = -m**2 + 3*m + 1. What is b(r)?
3
Let j(f) = f**2 + 6*f + 6. Let b be j(-6). Let z(a) = a**2 - 9*a - 8. Let l(r) = -r**2 + 10*r + 9. Let q(p) = 4*l(p) + 5*z(p). Determine q(b).
2
Let c(g) = -2*g - 3. Suppose 9*l - 7*l - 16 = 4*z, -3*z = 3. Determine c(l).
-15
Let n(r) = r**3 + 7*r**2 - 8*r - 9. Let w be 1 + (-16)/10 - 185/25. Determine n(w).
-9
Let p(t) be the first derivative of 0*t - 3 - 1/3*t**3 - 1/2*t**2. Let i(v) = -v**2 - 1. Let b be i(0). What is p(b)?
0
Suppose 3*x - 5*x - 9 = 5*r, -2*r = -3*x + 15. Let h be r*(-1)/((-6)/8). Let t(u) = -2*u + 3*u**2 - 3*u**2 + 4 - u**2. Determine t(h).
-4
Let b(d) = d + 14. Let g be b(-9). Let a(h) = -h**3 + 5*h**2 + 6. Give a(g).
6
Let a(u) = -u + 10. Let w(m) = m. Let o(l) = -a(l) - 2*w(l). Let n be 17/(-3) - (-4)/(-12). Give o(n).
-4
Let v(p) = -p. Let z be -4 - ((2 - 7) + 2). Let j(w) = -5*w - 1. Let b(x) = z*j(x) + 3*v(x). Give b(-3).
-5
Suppose 0 = -r + 6*w - w - 9, -4*r = w - 27. Let n(y) = y**3 - r + 0 - 4*y**2 + 0*y**3 - 2*y - y. Give n(5).
4
Let w = -16 - -12. Let f(c) = -c**2 - 4*c + 3. Determine f(w).
3
Let z(o) = o**2 - 7*o + 2. Let d(q) = q**2 + 11*q + 5. Let i be d(-11). Determine z(i).
-8
Let a(b) = -b - 1. Let n(t) = 1 + 3 - 6 + 3*t + 4. Let f(h) = -a(h) - n(h). Calculate f(-5).
9
Let k(n) = -4*n + 222*n**2 - 211*n**2 + 3*n. Determine k(-1).
12
Let t(c) = c**3 + 8*c**2 + 5*c - 5. Let q be t(-7). Let a = q - 8. Let b(s) = -2*s**2. What is b(a)?
-2
Let n = 63 - 59. Let w(v) be the first derivative of -3 - 2*v - 3/2*v**2 - 1/4*v**n + v**3. What is w(3)?
-11
Let q be (-2)/(-10) - (-27)/15. Let s(t) = -t**2 + 2 - t**2 + 0. What is s(q)?
-6
Let d(s) = -2*s**2 + 5*s + 1. Let w(j) = j**2 + 1. Let m(t) = -d(t) - w(t). What is m(6)?
4
Let d be 1/((-1)/1)*0. Let i be 2 + -3 + d + -1. Let n(r) = 3*r - r**3 - 2 - r - 5*r - 2*r**2. Calculate n(i).
4
Let n(x) = -x. Let w be n(-2). Let v(p) = 3*p - 4*p + p**3 - 5*p**3 - 2*p**w. Suppose -2*j = 8, -3*f = -5*f - 5*j - 22. What is v(f)?
3
Let z(f) = f**2 - f. Let t(s) = s**3 - s**2 + 2*s - 3. Let x(l) = t(l) + 4*z(l). Calculate x(-2).
5
Let u = 7 + -1. Let d = 12 - u. Let b(g) = g - 10. What is b(d)?
-4
Let p be (-2)/(-1) + (-8 - -2). Let j(a) = a + 7. Let r be j(-7). Let i(n) = r*n**3 - 4 + 2*n**2 - 2*n + 2*n**2 + n**3. What is i(p)?
4
Let w(c) be the second derivative of -c**5/120 + c**4/3 - 2*c**3/3 - c. Let q(u) be the second derivative of w(u). What is q(0)?
8
Let w(g) be the third derivative of 1/8*g**4 + 0*g + 0 + 0*g**3 - g**2. Let m be -1*4*1/(-2). Determine w(m).
6
Let l(v) be the third derivative of -1/120*v**6 - 2*v**2 - 1/6*v**3 - 1/24*v**4 + 0 + 1/20*v**5 + 0*v. Suppose -3*a + 9 = 0, a - 3*a = u - 8. Determine l(u).
1
Let r(v) be the first derivative of -v**4/4 - v**3 + v**2/2 - 3*v + 3. Let f = -5 - -2. Determine r(f).
-6
Let m be 8*(-1 - 3)/(-1). Suppose -2*r + 8*a = 3*a - m, 4*a = r - 22. Let o(c) = -c**2 + 6*c + 4. What is o(r)?
4
Suppose 0 = 2*g - 6*r + 3*r + 5, 0 = -4*g - 3*r + 17. Let s(z) = -7*z - 7*z + 13*z - g. Give s(0).
-2
Let s(r) = -r**2 + 5*r + 8. Suppose i + 0*i + 22 = 3*w, 0 = 4*w - 4*i - 40. What is s(w)?
2
Let l(v) = 0 + 1 - 7*v + 5*v. Suppose -2*m + 0*m = -8. Suppose 5*c = -4*h - 3 + 2, m*c + h = -3. Give l(c).
3
Let o be (-2*(-2)/(-8))/((-5)/(-60)). Let c(r) = -r - 11. Calculate c(o).
-5
Let c = 14 + -7. Let n = c + -5. Let g(o) = -o**3 - o**2 + 1. Let i(v) = -4*v**3 + 2*v**2 - 2*v + 1. Let m(p) = -2*g(p) + i(p). Calculate m(n).
-5
Let z(l) = 10*l + 65 - 5*l - 64. Calculate z(-1).
-4
Suppose 10*w + 16 = -44. Let n(f) = f**3 + 6